 = -2*w. What is the highest common factor of 20 and w?
20
Let a be (-2 - 0)*(-4 - -3). Suppose 0 = n - 10 + a. Suppose -4*m = -n*m + 160. Calculate the highest common divisor of 10 and m.
10
Suppose -c + 4*c - 180 = 0. Suppose y = 3*j + 15, 5*y - 4*j - 28 - 36 = 0. Calculate the highest common factor of c and y.
12
Let r(z) = -17*z + 5. Let b be r(-5). Let q = b - 34. What is the highest common divisor of 7 and q?
7
Suppose -3*r + j - 65 = 0, 2*r - 4*j + 28 + 22 = 0. Let o = -11 - r. Suppose 202 = 2*y + o. What is the highest common divisor of 12 and y?
12
Suppose w - 4*w + 36 = 0. Let o(u) be the second derivative of -47*u**3/6 + u**2 + 2*u. Let c be o(-2). What is the highest common divisor of c and w?
12
Suppose 0 = t + 3*t - 8. Let r be 78/t - 2/(-2). Let v(c) = c**3 - 6*c**2 + 8*c - 5. Let b be v(5). What is the highest common divisor of r and b?
10
Suppose 5*u = 1 + 14. Suppose u*t = -l - 6, 3*l - 4 = 6*t - 4*t. Let j be t/(-8) - (-175)/4. Calculate the greatest common divisor of 11 and j.
11
Let n(o) = -o**2 + 4*o - 2. Let v = 6 + -3. Let g be n(v). What is the highest common divisor of g and 9?
1
Let l be (46/6)/(2*(-2)/(-12)). What is the highest common divisor of 115 and l?
23
Let u = -10 - -14. Suppose 2*z - 3*z + u*v = 20, -3*v + 3 = 0. Let g = 36 + z. What is the greatest common divisor of 8 and g?
4
Let o be ((-9)/(-6))/(2/220). What is the highest common divisor of 15 and o?
15
Let v(z) = -2*z + 1. Let l be v(5). Let q = l - -14. Let o be 4/10 + (-8)/(-5). What is the highest common factor of q and o?
1
Let v(b) = b**2 + 5*b - 9. Let t be v(-6). Let a(l) = -l**3 + 2*l**2 + 3*l - 4. Let k be a(t). What is the highest common divisor of k and 16?
16
Let n be 33*(8/3)/8. What is the greatest common factor of n and 121?
11
Let x be (350/3)/((-2)/(-3)). Calculate the highest common factor of x and 35.
35
Let d = 15 - -14. Calculate the greatest common divisor of 232 and d.
29
Suppose -3*p + 57 = 6. What is the greatest common divisor of p and 17?
17
Let v = -10 + 24. Calculate the greatest common divisor of 7 and v.
7
Let q be (0 - (-1 - 8))/1. Let j(v) = -2*v - 3. Let k be j(-4). Suppose -k*o = -571 + 166. Calculate the highest common divisor of q and o.
9
Let r = 22 + -17. Calculate the highest common divisor of r and 5.
5
Let q be 4/(-2 + 3 + -2). Let r be (-2)/((q/2)/20). Let n = -124 + 184. What is the highest common divisor of n and r?
20
Suppose g - 14 = 2. Suppose r = -2*m - 11, -m - 31 = m + 5*r. Let q = g + m. What is the greatest common divisor of q and 52?
13
Suppose h - 2*k = 24, -67 + 17 = -5*h - 4*k. What is the highest common divisor of h and 2?
2
Let u be ((-17865)/(-20))/9 - 1/4. Suppose -7*o + 2*o + 45 = 0. Calculate the highest common factor of u and o.
9
Let m = 14 - 2. What is the highest common factor of 6 and m?
6
Suppose -72 = -2*u + 28. What is the greatest common divisor of 10 and u?
10
Let c = 83 - 11. What is the highest common factor of c and 12?
12
Suppose 4*n + 5*r - 337 = 0, -4*n - 2*r + 349 = -r. Let l(w) = 2 - 4*w + 4 - 7. Let b be l(-3). Calculate the greatest common factor of b and n.
11
Suppose -4*b + 16 = 3*z, 4*z = -5*b + 5*z + 20. Suppose -9 = -12*j + 135. What is the greatest common factor of b and j?
4
Let s be (11*9/(-12))/(6/(-64)). What is the greatest common divisor of 8 and s?
8
Suppose 5*w - 61 = 3*t, 5*w - 8*t + 4*t = 63. Suppose -2*v + v = -2*h + 8, -v - 3*h + 7 = 0. Let c = v - -13. Calculate the greatest common factor of w and c.
11
Let z = 0 + 4. Suppose -12 = -4*h + 4. Calculate the highest common factor of h and z.
4
Suppose x = 2*s - 65, -5 + 2 = 3*x. What is the greatest common factor of 96 and s?
32
Suppose -3*k + 12 = -m, 4*m + 8 = -0*m + 4*k. Suppose -6 = 5*q + 14, -d - 2*q - m = 0. What is the greatest common divisor of 10 and d?
5
Let q = -41 - -61. Calculate the greatest common divisor of 5 and q.
5
Let n(i) = -i**2 - 6*i - 2. Let g be n(-4). What is the greatest common divisor of 2 and g?
2
Let r(a) = a**3 + 5*a**2 - a - 3. Let t(b) = -b - 3. Let n be t(-6). Let l be r(n). Calculate the greatest common factor of l and 6.
6
Let f be 8/3 - (-1)/3. Let x be (-93)/(-33) - 1/(22/(-4)). What is the highest common divisor of f and x?
3
Suppose u + 9 = 4*u. Suppose 3*w = -9 - 6, 0 = 3*b + u*w - 315. Let a(z) = 4*z**2 - 3*z. Let y be a(2). Calculate the highest common divisor of y and b.
10
Let n = -166 - -181. What is the greatest common divisor of 195 and n?
15
Let g(w) = -18*w + 1. Let f(j) = j**2 - 5*j + 3. Let t be f(4). Let a be g(t). Let v = a - -21. Calculate the greatest common factor of 8 and v.
8
Let l(n) be the second derivative of n**4/6 - 5*n**3/6 - 2*n**2 - 3*n. Let o be l(4). Calculate the greatest common divisor of 32 and o.
8
Suppose -4*w + 36 = -0*w. Suppose w*g = 7*g + 20. Calculate the highest common divisor of g and 4.
2
Let w(s) = s**3 + 3*s**2 + s + 2. Let n be w(5). Suppose -3*j - 2*o + 85 = 2*o, -4*j - 2*o = -100. What is the highest common divisor of j and n?
23
Let y = -10 - -14. Suppose -2*p - 3*p = -3*j + 22, j + y*p - 30 = 0. What is the greatest common divisor of 98 and j?
14
Suppose -6*c + c + 80 = 0. Calculate the greatest common divisor of 4 and c.
4
Let x be (-3 - -1)*5/2. Let c be 6/x*-5 - -2. Calculate the greatest common divisor of c and 40.
8
Let i = 7 + -5. Suppose 3*o = -p + 33, -6*p + i*p + 11 = o. Suppose 0*u = 4*u - 396. What is the highest common divisor of o and u?
11
Let v(t) = t**3 - 6*t**2 - 5*t + 1. Let s(w) = -3 - 4*w + 0*w - w. Let y be s(-2). Let j be v(y). Calculate the greatest common factor of 120 and j.
15
Suppose 2*c = -5*q + 29, c - 2*c = -2. Let m = -5 + q. Suppose 60 = 3*t - m*t. What is the highest common divisor of t and 30?
10
Suppose 0 = i - 2, -4*h - i = -0*h + 50. Let a = -120 + -1. Let g = h - a. Calculate the greatest common divisor of g and 12.
12
Suppose 4*k - 5*n = 415, n - 5*n = 3*k - 319. What is the highest common factor of k and 15?
15
Suppose -2*k - 2*w = -1042, -4*k - 266 = w - 2353. Suppose -3*s = -v - 3*v - k, -5*v + 495 = 3*s. Calculate the highest common factor of 34 and s.
34
Suppose 2*u - 36 = -5*k + 6, -2*k + 4 = 0. Calculate the highest common factor of 4 and u.
4
Let y(n) = -19*n**3 - n**2 + 1. Let m be y(-1). Suppose 0 = 5*b - 74 + m. What is the highest common factor of b and 121?
11
Let d be (-104)/40 + (-6)/(-10). Let k be 8/(5/((-25)/d)). What is the greatest common factor of 30 and k?
10
Let k = -24 + 64. Calculate the greatest common divisor of 5 and k.
5
Let k(y) = -32*y + 4. Let v be k(-2). Calculate the greatest common divisor of 34 and v.
34
Suppose 5*z = 3*l + 79, 5*l = z - 69 - 26. Let d = 31 + l. Calculate the greatest common divisor of 117 and d.
13
Let p be 55/1*(12/2 - 3). Calculate the highest common divisor of 15 and p.
15
Let v(q) = 2*q**2 - q - 1. Let r(i) = i**2 - i + 1. Let d(b) = 3*r(b) + v(b). Let m be d(3). Calculate the greatest common divisor of m and 5.
5
Suppose -5*d + 155 = g, 0 = -3*d - d - g + 123. Calculate the greatest common factor of 4 and d.
4
Suppose -11*l + 25*l = 308. What is the greatest common divisor of 22 and l?
22
Suppose -2*d = -0*d - 184. Let o = d + -48. Calculate the greatest common factor of 110 and o.
22
Let v(g) = 5*g**2 + 9*g + 8. Let x be v(-6). Suppose c + x = 3*c. Let t = c + -46. What is the greatest common divisor of t and 3?
3
Let j = 6 + -4. Suppose -6*t + 104 = -j*t. What is the greatest common factor of t and 39?
13
Suppose 0 = -3*l, i + 3*l + l = 11. Let a(f) = -f**2 - 9*f - 8. Let g be a(-8). Let t = g + i. What is the highest common factor of 44 and t?
11
Let l(n) = n**2 - 3*n - 9. Let g be l(5). Let a(b) = -4*b - 1 + 13*b + 8*b. Let y be a(g). What is the greatest common divisor of y and 16?
16
Suppose 2*i - 22 = -3*v, 3*v - 7 = 5*i + 1. Suppose 0 = v*a - a - 10. Let o = 0 - -3. Calculate the highest common factor of o and a.
1
Let y(s) = 6*s**3. Suppose -4*u + 5*m + 12 = m, 0 = -4*u + 5*m + 16. Let g be y(u). Let f = 18 - g. Calculate the greatest common factor of 3 and f.
3
Let z(f) = f**3 - 7*f**2 + 2*f - 10. Let d be z(7). Suppose -d*w - 4*r = -184, 2*w = r - 4*r + 90. Calculate the greatest common divisor of w and 6.
6
Let y(g) = g**2 + 9*g + 6. Let m be y(-11). Calculate the highest common divisor of m and 7.
7
Let 